of 44465102.
2, 11, 47, 43003
List the prime factors of 302979532.
2, 37, 2047159
List the prime factors of 609996575.
5, 59, 413557
List the prime factors of 274451597.
7, 193, 29021
What are the prime factors of 61633496?
2, 41, 187907
List the prime factors of 165790822.
2, 71, 79, 14779
What are the prime factors of 17995582?
2, 11, 277, 2953
List the prime factors of 1020477758.
2, 510238879
List the prime factors of 276918499.
11, 13, 148961
What are the prime factors of 9273069877?
40093, 231289
List the prime factors of 52286926.
2, 26143463
What are the prime factors of 798340627?
7, 8513, 13397
What are the prime factors of 102490387?
401, 255587
What are the prime factors of 1595652219?
3, 7, 3618259
What are the prime factors of 2514548669?
23, 223, 521, 941
List the prime factors of 427082407.
43, 197, 50417
What are the prime factors of 302704251?
3, 317, 318301
What are the prime factors of 37974635?
5, 19, 61, 6553
What are the prime factors of 1819558?
2, 13, 47, 1489
What are the prime factors of 104513896?
2, 31, 131, 3217
What are the prime factors of 146442397?
146442397
What are the prime factors of 86970358?
2, 43485179
List the prime factors of 694302805.
5, 7, 2833889
List the prime factors of 5400313715.
5, 3469, 311347
List the prime factors of 76646050.
2, 5, 13, 117917
What are the prime factors of 124282307?
541, 229727
List the prime factors of 7387817260.
2, 5, 109, 3388907
List the prime factors of 15506784.
2, 3, 23, 2341
List the prime factors of 127262421.
3, 11, 13, 10987
List the prime factors of 5489487901.
17, 23, 71, 197741
List the prime factors of 112583587.
112583587
List the prime factors of 83570657.
17, 1151, 4271
List the prime factors of 44739844.
2, 53, 239, 883
What are the prime factors of 435237541?
19, 22907239
List the prime factors of 39300824.
2, 587, 8369
What are the prime factors of 2279108354?
2, 829, 1374613
What are the prime factors of 1792566426?
2, 3, 7, 5849, 7297
What are the prime factors of 54174802?
2, 11, 467, 5273
List the prime factors of 15210561.
3, 5070187
List the prime factors of 4095973035.
3, 5, 7, 11, 191, 2063
What are the prime factors of 2551177282?
2, 73, 17473817
List the prime factors of 2048042.
2, 1024021
What are the prime factors of 1947072448?
2, 53, 103, 5573
List the prime factors of 1648580765.
5, 13, 25362781
List the prime factors of 907736655.
3, 5, 7, 137, 63103
What are the prime factors of 74096807?
71, 1043617
What are the prime factors of 122510324?
2, 83, 369007
List the prime factors of 1577752867.
103, 15317989
What are the prime factors of 398065706?
2, 43, 1559, 2969
List the prime factors of 299998012.
2, 293, 255971
What are the prime factors of 106805197?
47, 2272451
What are the prime factors of 188008238?
2, 11, 8545829
List the prime factors of 4809194708.
2, 1202298677
What are the prime factors of 15229791?
3, 1692199
What are the prime factors of 349543693?
31, 11275603
List the prime factors of 199199657.
199199657
What are the prime factors of 110119374?
2, 3, 6117743
What are the prime factors of 20314706?
2, 10157353
What are the prime factors of 2789304107?
5813, 479839
What are the prime factors of 6948050?
2, 5, 79, 1759
What are the prime factors of 107390633?
7, 331, 46349
What are the prime factors of 1017223017?
3, 83, 1723, 2371
List the prime factors of 10741325.
5, 7, 61379
What are the prime factors of 392035295?
5, 3253, 24103
What are the prime factors of 33759330?
2, 3, 5, 11, 102301
List the prime factors of 24393782.
2, 7, 1742413
What are the prime factors of 30078889?
1181, 25469
List the prime factors of 1889405858.
2, 83, 11381963
What are the prime factors of 114883969?
73, 1573753
What are the prime factors of 46191002?
2, 11, 13, 161507
List the prime factors of 325798366.
2, 919, 177257
What are the prime factors of 23428109?
73, 487, 659
What are the prime factors of 122887108?
2, 191, 239, 673
List the prime factors of 207318285.
3, 5, 511897
What are the prime factors of 3653769451?
3653769451
List the prime factors of 48280077.
3, 1788151
What are the prime factors of 227904937?
13, 41, 10429
What are the prime factors of 127315143?
3, 19, 23, 32371
List the prime factors of 6342655.
5, 11, 115321
What are the prime factors of 73393389?
3, 43, 199, 953
List the prime factors of 502248285.
3, 5, 7, 11, 20707
What are the prime factors of 18915946?
2, 7, 29, 46591
List the prime factors of 2167940519.
37, 58592987
What are the prime factors of 180203536?
2, 17, 662513
What are the prime factors of 1670389888?
2, 281, 46441
What are the prime factors of 60758006?
2, 30379003
What are the prime factors of 868497463?
868497463
What are the prime factors of 55491089?
55491089
What are the prime factors of 7760072?
2, 311, 3119
List the prime factors of 1228202169.
3, 2281, 179483
What are the prime factors of 34985202?
2, 3, 7, 37, 47, 479
List the prime factors of 263775816.
2, 3, 227, 16139
What are the prime factors of 3521752307?
3521752307
List the prime factors of 407558454.
2, 3, 67, 1013827
What are the prime factors of 32212602?
2, 3, 433, 4133
What are the prime factors of 64312569?
3, 31, 76837
List the prime factors of 2045852305.
5, 7, 107, 546289
List the prime factors of 222235664.
2, 7, 1984247
What are the prime factors of 4995306269?
73, 68428853
What are the prime factors of 192838013?
1933, 99761
What are the prime factors of 97615450?
2, 5, 23, 29, 2927
List the prime factors of 503901359.
13, 59, 656977
List the prime factors of 12508148.
2, 3127037
List the prime factors of 11667171.
3, 199, 19543
What are the prime factors of 2163957717?
3, 721319239
What are the prime factors of 236896199?
19, 151, 82571
What are the prime factors of 310997060?
2, 5, 11, 1413623
What are the prime factors of 441652964?
2, 293, 376837
What are the prime factors of 2692883653?
29, 2083, 44579
What are the prime factors of 4768592?
2, 491, 607
What are the prime factors of 273750868?
2, 563, 121559
List the prime factors of 5188584270.
2, 3, 5, 47, 3679847
What are the prime factors of 952915294?
2, 476457647
What are the prime factors of 474253555?
5, 94850711
What are the prime factors of 6653753?
173, 38461
List the prime factors of 15677649.
3, 13, 47, 2851
What are the prime factors of 112566956?
2, 28141739
What are the prime factors of 807932624?
2, 83, 608383
List the prime factors of 4382422.
2, 11, 29, 6869
List the prime factors of 187666501.
11, 17060591
What are the prime factors of 194143687?
599, 324113
What are the prime factors of 1050960137?
23, 1553, 29423
List the prime factors of 31358820.
2, 3, 5, 211, 2477
List the prime factors of 415414288.
2, 139, 151, 1237
What are the prime factors of 49461064?
2, 1747, 3539
What are the prime factors of 3627022838?
2, 1213, 1495063
List the prime factors of 65927933.
29, 67, 33931
List the prime factors of 515162791.
11, 13, 3602537
List the prime factors of 14230384.
2, 7, 2593
What are the prime factors of 9441187?
7, 1021, 1321
What are the prime factors of 619009771?
313, 1977667
What are the prime factors of 646258570?
2, 5, 17, 193, 19697
List the prime factors of 19580432.
2, 1223777
List the prime factors of 1517052.
2, 3, 126421
What are the prime factors of 3813462959?
101, 1277, 29567
What are the prime factors of 595090207?
595090207
List the prime factors of 30078884.
2, 11, 103, 6637
List the prime factors of 819462797.
491, 809, 2063
What are the prime factors of 2544855?
3, 5, 169657
List the prime factors of 2805238.
2, 17, 82507
List the prime factors of 1613006330.
2, 5, 13, 19, 23, 28393
What are the prime factors of 42664005?
3, 5, 948089
What are the prime factors of 1758901162?
2, 4139, 212479
What are the prime factors of 228778680?
2, 3, 5, 13, 29, 389
What are the prime factors of 774313531?
774313531
List the prime factors of 122161225.
5, 47, 103967
List the prime factors of 232651192.
2, 277, 104987
List the prime factors of 35563485.
3, 5, 167, 14197
What are the prime factors of 248172327?
3, 13, 2121131
List the prime factors of 61809873.
3, 167, 123373
List the prime factors of 1162178113.
1162178113
What are the prime factors of 33752188?
2, 67, 125941
What are the prime factors of 175548182?
2, 1